{"id":3123,"date":"2021-06-03T21:13:00","date_gmt":"2021-06-03T21:13:00","guid":{"rendered":"https:\/\/uca.edu.sv\/iudop\/?page_id=3123"},"modified":"2021-06-14T21:19:43","modified_gmt":"2021-06-14T21:19:43","slug":"libro","status":"publish","type":"page","link":"https:\/\/uca.edu.sv\/iudop\/nuestro-trabajo\/libro\/","title":{"rendered":"Libros"},"content":{"rendered":"<div class=\"container-fluid container shadow-lg\">\n<div class=\"row\">\n<div class=\"col-sm-12 col-md-12\">\n&nbsp;<\/p>\n<div class=\"container-fluid container \">\n<div class=\"row\">\n<div class=\"col-sm-12 col-md-3 align-self-center\">\n<p><img loading=\"lazy\" src=\"https:\/\/uca.edu.sv\/iudop\/wp-content\/uploads\/LIBROS-F-561x600.png\" alt=\"\" class=\"size-medium wp-image-3059 aligncenter\" width=\"158\" height=\"171\" \/><\/p>\n<\/div>\n<div class=\"col-sm-12 col-md-9 align-self-center justificado\"><span><span><span>Los libros publicados por el Iudop se caracterizan por abordar con profundidad tem\u00e1ticas de la realidad nacional, integrando informaci\u00f3n que procede de m\u00faltiples fuentes; estas publicaciones incluyen informes sobre temas que se han explorado a trav\u00e9s de t\u00e9cnicas cuantitativas (generalmente, encuestas), a trav\u00e9s de t\u00e9cnicas cualitativas (estudios de caso, entrevistas en profundidad, grupos focales, entre otras) y adem\u00e1s incluyen estudios de m\u00e9todo mixto en los que se ha realizado una aproximaci\u00f3n a las variables de inter\u00e9s desde distintas t\u00e9cnicas complementarias.<\/span><\/span><\/span><\/div>\n<\/div>\n<\/div>\n<p>&nbsp;<\/p>\n<div class=\"container-fluid container\">\n<div class=\"row\">\n<div class=\"col-sm-12 col-md-4\"><\/div>\n<div class=\"col-sm-12 col-md-4\">\n<p style=\"text-align: center;\"><a class=\"bn31\" href=\"https:\/\/uca.edu.sv\/iudop\/publicaciones-especializadas\/\"><span class=\"bn31span\">Consultar libros publicados<\/span><\/a><\/p>\n<\/div>\n<\/div>\n<\/div>\n<\/div>\n<\/div>\n<\/div>\n<p>&nbsp;<\/p>\n","protected":false},"excerpt":{"rendered":"<p>&nbsp; Los libros publicados por el Iudop se caracterizan por abordar con profundidad tem\u00e1ticas de la realidad nacional, integrando informaci\u00f3n que procede de m\u00faltiples fuentes; estas publicaciones incluyen informes sobre temas que se han explorado a trav\u00e9s de t\u00e9cnicas cuantitativas (generalmente, encuestas), a trav\u00e9s de t\u00e9cnicas cualitativas (estudios de caso, entrevistas en profundidad, grupos focales, [&hellip;]<\/p>\n","protected":false},"author":5,"featured_media":0,"parent":2981,"menu_order":5,"comment_status":"closed","ping_status":"closed","template":"pagina-menu.php","meta":{"ngg_post_thumbnail":0},"_links":{"self":[{"href":"https:\/\/uca.edu.sv\/iudop\/wp-json\/wp\/v2\/pages\/3123"}],"collection":[{"href":"https:\/\/uca.edu.sv\/iudop\/wp-json\/wp\/v2\/pages"}],"about":[{"href":"https:\/\/uca.edu.sv\/iudop\/wp-json\/wp\/v2\/types\/page"}],"author":[{"embeddable":true,"href":"https:\/\/uca.edu.sv\/iudop\/wp-json\/wp\/v2\/users\/5"}],"replies":[{"embeddable":true,"href":"https:\/\/uca.edu.sv\/iudop\/wp-json\/wp\/v2\/comments?post=3123"}],"version-history":[{"count":20,"href":"https:\/\/uca.edu.sv\/iudop\/wp-json\/wp\/v2\/pages\/3123\/revisions"}],"predecessor-version":[{"id":3402,"href":"https:\/\/uca.edu.sv\/iudop\/wp-json\/wp\/v2\/pages\/3123\/revisions\/3402"}],"up":[{"embeddable":true,"href":"https:\/\/uca.edu.sv\/iudop\/wp-json\/wp\/v2\/pages\/2981"}],"wp:attachment":[{"href":"https:\/\/uca.edu.sv\/iudop\/wp-json\/wp\/v2\/media?parent=3123"}],"curies":[{"name":"wp","href":"https:\/\/api.w.org\/{rel}","templated":true}]}}