{"id":3128,"date":"2021-06-03T21:15:50","date_gmt":"2021-06-03T21:15:50","guid":{"rendered":"https:\/\/uca.edu.sv\/iudop\/?page_id=3128"},"modified":"2021-06-14T21:24:08","modified_gmt":"2021-06-14T21:24:08","slug":"informe","status":"publish","type":"page","link":"https:\/\/uca.edu.sv\/iudop\/nuestro-trabajo\/informe\/","title":{"rendered":"Informes Seriados"},"content":{"rendered":"<div class=\"container-fluid container shadow-lg\">\n<div class=\"row\">\n<div class=\"col-sm-12 col-md-12\">\n&nbsp;<\/p>\n<div class=\"container-fluid container\">\n<div class=\"row\">\n<div class=\"col-sm-12 col-md-3 align-self-center\">\n<p><img loading=\"lazy\" src=\"https:\/\/uca.edu.sv\/iudop\/wp-content\/uploads\/2020\/12\/informe-seriado.png\" alt=\"\" class=\"size-full wp-image-143 aligncenter\" width=\"158\" height=\"171\" \/><\/p>\n<\/div>\n<div class=\"col-sm-12 col-md-9 align-self-center justificado \" ><span>Cada informe seriado presenta, en primer lugar, una descripci\u00f3n detallada de los aspectos metodol\u00f3gicos de la encuesta a la que se hace referencia, incluyendo aspectos como la fecha de realizaci\u00f3n, el objetivo del sondeo, el proceso de selecci\u00f3n de la muestra, la descripci\u00f3n de los apartados del instrumento (cuestionario) y el procedimiento con el cual se llev\u00f3 a cabo tanto el levantamiento de la informaci\u00f3n como el procesamiento y an\u00e1lisis de los datos. Adem\u00e1s, se detallan las principales caracter\u00edsticas de la muestra final de participantes. El contenido primordial de los informes seriados consiste en tablas de contingencia que muestran la desagregaci\u00f3n de los resultados de cada uno de los \u00edtems del instrumento, en funci\u00f3n de distintas variables de inter\u00e9s, lo que ofrece la posibilidad de contrastar las respuestas registradas seg\u00fan variables como sexo, \u00e1rea de residencia, rango de edad, afiliaci\u00f3n religiosa, nivel educativo y partido pol\u00edtico de preferencia, entre otras. El informe seriado ofrece, adem\u00e1s, la ficha t\u00e9cnica de cada encuesta y el cuestionario que fue utilizado en su realizaci\u00f3n.<\/span><\/div>\n<\/div>\n<\/div>\n<p>&nbsp;<\/p>\n<div class=\"container-fluid container\">\n<div class=\"row\">\n<div class=\"col-sm-12 col-md-4\">\n<\/div>\n<div class=\"col-sm-12 col-md-4\">\n<p style=\"text-align: center;\"><a class=\"bn31\" href=\"https:\/\/uca.edu.sv\/iudop\/encuestas-de-opinion\/2021\/\"><span class=\"bn31span\">Consultar informes seriados<\/span><\/a><\/p>\n<\/div>\n<\/div>\n<\/div>\n<\/div>\n<\/div>\n<\/div>\n<p>&nbsp;<\/p>\n","protected":false},"excerpt":{"rendered":"<p>&nbsp; Cada informe seriado presenta, en primer lugar, una descripci\u00f3n detallada de los aspectos metodol\u00f3gicos de la encuesta a la que se hace referencia, incluyendo aspectos como la fecha de realizaci\u00f3n, el objetivo del sondeo, el proceso de selecci\u00f3n de la muestra, la descripci\u00f3n de los apartados del instrumento (cuestionario) y el procedimiento con el [&hellip;]<\/p>\n","protected":false},"author":5,"featured_media":0,"parent":2981,"menu_order":7,"comment_status":"closed","ping_status":"closed","template":"pagina-menu.php","meta":{"ngg_post_thumbnail":0},"_links":{"self":[{"href":"https:\/\/uca.edu.sv\/iudop\/wp-json\/wp\/v2\/pages\/3128"}],"collection":[{"href":"https:\/\/uca.edu.sv\/iudop\/wp-json\/wp\/v2\/pages"}],"about":[{"href":"https:\/\/uca.edu.sv\/iudop\/wp-json\/wp\/v2\/types\/page"}],"author":[{"embeddable":true,"href":"https:\/\/uca.edu.sv\/iudop\/wp-json\/wp\/v2\/users\/5"}],"replies":[{"embeddable":true,"href":"https:\/\/uca.edu.sv\/iudop\/wp-json\/wp\/v2\/comments?post=3128"}],"version-history":[{"count":8,"href":"https:\/\/uca.edu.sv\/iudop\/wp-json\/wp\/v2\/pages\/3128\/revisions"}],"predecessor-version":[{"id":3404,"href":"https:\/\/uca.edu.sv\/iudop\/wp-json\/wp\/v2\/pages\/3128\/revisions\/3404"}],"up":[{"embeddable":true,"href":"https:\/\/uca.edu.sv\/iudop\/wp-json\/wp\/v2\/pages\/2981"}],"wp:attachment":[{"href":"https:\/\/uca.edu.sv\/iudop\/wp-json\/wp\/v2\/media?parent=3128"}],"curies":[{"name":"wp","href":"https:\/\/api.w.org\/{rel}","templated":true}]}}