{"id":51,"date":"2020-12-16T15:52:19","date_gmt":"2020-12-16T15:52:19","guid":{"rendered":"https:\/\/uca.edu.sv\/iudop\/?page_id=51"},"modified":"2022-06-23T22:16:39","modified_gmt":"2022-06-23T22:16:39","slug":"contacto","status":"publish","type":"page","link":"https:\/\/uca.edu.sv\/iudop\/contacto\/","title":{"rendered":"Contacto"},"content":{"rendered":"<p>&nbsp;<\/p>\n<div class=\"container-fluid\">\n<div class=\"row\">\n<div class=\"col-sm-12 col-md-12 subcont\" style=\"background-color: #0f2743;\">\n<div class=\"convertful-123129\"><\/div>\n<\/div>\n<\/div>\n<\/div>\n<p>&nbsp;<\/p>\n<div class=\"container-fluid container\">\n<div class=\"row\">\n<div class=\"col-sm-12 col-md-12 align-self-center\">\n<h2 style=\"text-align: left;\">Medios de contacto<\/h2>\n<\/div>\n<\/div>\n<\/div>\n<p>&nbsp;<\/p>\n<div class=\"container-fluid container\">\n<div class=\"row\">\n<div class=\"col-sm-12 col-md-6\">\n<div class=\"container-fluid container shadow-lg\">\n<div class=\"row\">\n<div class=\"col-sm-12 col-md-12 align-self-end mt-0 ml-0 mr-0 mb-0 pt-0 pl-0 pr-0 pb-0\">\n<div class=\"container-fluid\">\n<div class=\"row\" style=\"background-color: #ffffff;\">\n<div class=\"col-sm-12 col-md-2 align-self-center\" data-animated=\"animate__fadeInDown\">\n<p><img loading=\"lazy\" src=\"https:\/\/uca.edu.sv\/iudop\/wp-content\/uploads\/Telefono.png\" alt=\"\" class=\"size-full wp-image-2624 aligncenter\" width=\"118\" height=\"108\" \/><\/p>\n<\/div>\n<div class=\"col-sm-12 col-md-10\" style=\"background-color: #d3e9fd;\">\n<h4><\/h4>\n<h4><strong>Tel\u00e9fono<\/strong>:<\/h4>\n<h4>(503) 2210-6600 ext. 415; (503) 2210-6672<\/h4>\n<p>&nbsp;<\/p>\n<\/div>\n<\/div>\n<\/div>\n<\/div>\n<\/div>\n<\/div>\n<p>&nbsp;<\/p>\n<div class=\"container-fluid container shadow-lg\">\n<div class=\"row\">\n<div class=\"col-sm-12 col-md-12 mt-0 ml-0 mr-0 mb-0 pt-0 pl-0 pr-0 pb-0\">\n<div class=\"container-fluid\">\n<div class=\"row\">\n<div class=\"col-sm-12 col-md-2 align-self-center\" data-animated=\"animate__fadeInDown\">\n<p><img loading=\"lazy\" src=\"https:\/\/uca.edu.sv\/iudop\/wp-content\/uploads\/Correo.png\" alt=\"\" class=\"size-full wp-image-2623 aligncenter\" width=\"109\" height=\"108\" \/><\/p>\n<\/div>\n<div class=\"col-sm-12 col-md-10\">\n<h4><\/h4>\n<h4><strong>Correo<\/strong>:<\/h4>\n<h4>iudop@uca.edu.sv<\/h4>\n<p>&nbsp;<\/p>\n<\/div>\n<\/div>\n<\/div>\n<\/div>\n<\/div>\n<\/div>\n<p>&nbsp;<\/p>\n<div class=\"container-fluid container shadow-lg\">\n<div class=\"row\">\n<div class=\"col-sm-12 col-md-12 mt-0 ml-0 mr-0 mb-0 pt-0 pl-0 pr-0 pb-0\">\n<div class=\"container-fluid\">\n<div class=\"row\">\n<div class=\"col-sm-12 col-md-2 align-self-center\" data-animated=\"animate__fadeInDown\">\n<p><img loading=\"lazy\" src=\"https:\/\/uca.edu.sv\/iudop\/wp-content\/uploads\/Fb.png\" alt=\"\" class=\"size-full wp-image-2622 aligncenter\" width=\"118\" height=\"108\" \/><\/p>\n<\/div>\n<div class=\"col-sm-12 col-md-10\" style=\"background-color: #d3e9fd;\">\n<h4><\/h4>\n<h4><strong>Facebook<\/strong>:<\/h4>\n<h4><a class=\"_64-f\" href=\"https:\/\/www.facebook.com\/Instituto-Universitario-de-Opini\u00f3n-P\u00fablica-Iudop-116007768438148\/\">Instituto Universitario de Opini\u00f3n P\u00fablica Iudop<\/a><\/h4>\n<p>&nbsp;<\/p>\n<\/div>\n<\/div>\n<\/div>\n<\/div>\n<\/div>\n<\/div>\n<p>&nbsp;<\/p>\n<div class=\"container-fluid container shadow-lg\">\n<div class=\"row\">\n<div class=\"col-sm-12 col-md-12 align-self-end mt-0 ml-0 mr-0 mb-0 pt-0 pl-0 pr-0 pb-0\">\n<div class=\"container-fluid\">\n<div class=\"row\">\n<div class=\"col-sm-12 align-self-center col-md-2\" data-animated=\"animate__fadeInDown\">\n<p><img loading=\"lazy\" src=\"https:\/\/uca.edu.sv\/iudop\/wp-content\/uploads\/Twitter1.png\" alt=\"\" class=\"size-full wp-image-2626 aligncenter\" width=\"116\" height=\"111\" \/><\/p>\n<\/div>\n<div class=\"col-sm-12 col-md-10\">\n<h4><\/h4>\n<h4><strong>Twitter<\/strong>:<\/h4>\n<h4><span class=\"css-901oao css-16my406 r-poiln3 r-bcqeeo r-qvutc0\"><a class=\"_64-f\" href=\"https:\/\/twitter.com\/iudopuca?lang=es\">@IudopUCA<\/span><\/a><\/h4>\n<p>&nbsp;<\/p>\n<\/div>\n<\/div>\n<\/div>\n<\/div>\n<\/div>\n<\/div>\n<p>&nbsp;<\/p>\n<div class=\"container-fluid container shadow-lg\">\n<div class=\"row\">\n<div class=\"col-sm-12 col-md-12 align-self-end mt-0 ml-0 mr-0 mb-0 pt-0 pl-0 pr-0 pb-0\">\n<div class=\"container-fluid\">\n<div class=\"row\">\n<div class=\"col-sm-12 align-self-center col-md-2\" data-animated=\"animate__fadeInDown\">\n<p><img loading=\"lazy\" src=\"https:\/\/uca.edu.sv\/iudop\/wp-content\/uploads\/WS.png\" alt=\"\" class=\"size-full wp-image-2625 aligncenter\" width=\"114\" height=\"108\" \/><\/p>\n<\/div>\n<div class=\"col-sm-12 col-md-10\" style=\"background-color: #d3e9fd;\">\n<h4><\/h4>\n<h4><strong>WhatsApp institucional<\/strong>:<\/h4>\n<h4><a class=\"_64-f\" href=\"https:\/\/wa.me\/50372699451\/\">+503 7269-9451<\/a><\/h4>\n<p>&nbsp;<\/p>\n<\/div>\n<\/div>\n<\/div>\n<\/div>\n<\/div>\n<\/div>\n<p>&nbsp;<\/p>\n<div class=\"container-fluid container shadow-lg\">\n<div class=\"row\" style=\"background-color: #b2deeb;\">\n<div class=\"col-sm-12 col-md-12 mt-0 ml-0 mr-0 mb-0 pt-0 pl-0 pr-0 pb-0\">\n<div class=\"container-fluid container\">\n<div class=\"row\" style=\"background-color: #ffffff;\">\n<div class=\"col-sm-12 col-md-2 align-self-center\" data-animated=\"animate__fadeInDown\">\n<p><img loading=\"lazy\" src=\"https:\/\/uca.edu.sv\/iudop\/wp-content\/uploads\/Ubicacion.png\" alt=\"\" class=\"size-full wp-image-2621 aligncenter\" width=\"117\" height=\"107\" \/><\/p>\n<\/div>\n<div class=\"col-sm-12 col-md-10 align-self-center\">\n<p>&nbsp;<\/p>\n<h4><strong>Direcci\u00f3n<\/strong>:<\/h4>\n<h4><a class=\"_64-f\" href=\"https:\/\/www.google.com\/maps\/place\/Universidad+Centroamericana+Jos%C3%A9+Sime%C3%B3n+Ca%C3%B1as\/@13.6814833,-89.2369716,17.75z\/data=!4m5!3m4!1s0x8f6331cd305c735b:0x3d2a75b3761d4ded!8m2!3d13.6811406!4d-89.235873\">Bulevar Los Pr\u00f3ceres, Antiguo Cuscatl\u00e1n, La libertad, El Salvador, Centroam\u00e9rica.<\/a><\/h4>\n<p>&nbsp;<\/p>\n<\/div>\n<\/div>\n<\/div>\n<\/div>\n<\/div>\n<\/div>\n<\/div>\n<div class=\"col-sm-12 col-md-6 align-self-center\">\n<div class=\"container-fluid\">\n<div class=\"row bgimg-5 blokeImg-4\" style=\"background-image: url('https:\/\/uca.edu.sv\/iudop\/wp-content\/uploads\/Foto-fachada-Iudop-cortada.png');\">\n<div class=\"col-sm-12 col-md-12 align-self-center\"><\/div>\n<\/div>\n<\/div>\n<\/div>\n<\/div>\n<\/div>\n<p>&nbsp;<\/p>\n<div class=\"container-fluid\">\n<div class=\"row\" style=\"background-color: #0f2743;\">\n<div class=\"col-sm-12 col-md-12\">\n<hr style=\"height: 3px; margin: 10px 0; background-color: #c99815; border-radius: 2px;\" \/>\n<div class=\"container-fluid container\">\n<div class=\"row justify-content-md-center\">\n<div class=\"col-sm-12 subcont align-self-center col-md-12\" style=\"background-color: #0f2743;\">\n<div class=\"convertful-177599\"><\/div>\n<\/div>\n<\/div>\n<\/div>\n<hr style=\"height: 3px; margin: 10px 0; background-color: #c99815; border-radius: 2px;\" \/>\n<\/div>\n<\/div>\n<\/div>\n","protected":false},"excerpt":{"rendered":"<p>&nbsp; &nbsp; Medios de contacto &nbsp; Tel\u00e9fono: (503) 2210-6600 ext. 415; (503) 2210-6672 &nbsp; &nbsp; Correo: iudop@uca.edu.sv &nbsp; &nbsp; Facebook: Instituto Universitario de Opini\u00f3n P\u00fablica Iudop &nbsp; &nbsp; Twitter: @IudopUCA &nbsp; &nbsp; WhatsApp institucional: +503 7269-9451 &nbsp; &nbsp; &nbsp; Direcci\u00f3n: Bulevar Los Pr\u00f3ceres, Antiguo Cuscatl\u00e1n, La libertad, El Salvador, Centroam\u00e9rica. &nbsp; &nbsp;<\/p>\n","protected":false},"author":1,"featured_media":0,"parent":0,"menu_order":28,"comment_status":"closed","ping_status":"closed","template":"","meta":{"ngg_post_thumbnail":0},"_links":{"self":[{"href":"https:\/\/uca.edu.sv\/iudop\/wp-json\/wp\/v2\/pages\/51"}],"collection":[{"href":"https:\/\/uca.edu.sv\/iudop\/wp-json\/wp\/v2\/pages"}],"about":[{"href":"https:\/\/uca.edu.sv\/iudop\/wp-json\/wp\/v2\/types\/page"}],"author":[{"embeddable":true,"href":"https:\/\/uca.edu.sv\/iudop\/wp-json\/wp\/v2\/users\/1"}],"replies":[{"embeddable":true,"href":"https:\/\/uca.edu.sv\/iudop\/wp-json\/wp\/v2\/comments?post=51"}],"version-history":[{"count":92,"href":"https:\/\/uca.edu.sv\/iudop\/wp-json\/wp\/v2\/pages\/51\/revisions"}],"predecessor-version":[{"id":3767,"href":"https:\/\/uca.edu.sv\/iudop\/wp-json\/wp\/v2\/pages\/51\/revisions\/3767"}],"wp:attachment":[{"href":"https:\/\/uca.edu.sv\/iudop\/wp-json\/wp\/v2\/media?parent=51"}],"curies":[{"name":"wp","href":"https:\/\/api.w.org\/{rel}","templated":true}]}}