{"id":1592,"date":"2022-03-22T17:21:06","date_gmt":"2022-03-22T17:21:06","guid":{"rendered":"https:\/\/uca.edu.sv\/psicologia\/?page_id=1592"},"modified":"2022-03-27T04:58:55","modified_gmt":"2022-03-27T04:58:55","slug":"exposicion-virtual-de-afiches-educativos","status":"publish","type":"page","link":"https:\/\/uca.edu.sv\/psicologia\/exposicion-virtual-de-afiches-educativos\/","title":{"rendered":"Exposici\u00f3n virtual de afiches educativos"},"content":{"rendered":"<p>&nbsp;<\/p>\n<div class=\"container-fluid container\">\n<div class=\"row\">\n<div class=\"col-sm-12 col-md-12\">\n\n        <div id=\"afiches-educativos1\" class=\"carousel slide carousel-fade\" data-ride=\"carousel\">\n            <div class=\"carousel-inner\">\n                \n                <div class=\"carousel-item active\">\n                    <img src=\"https:\/\/uca.edu.sv\/psicologia\/wp-content\/uploads\/2022\/03\/1-scaled.jpg\" class=\"d-block w-100\" alt=\"...\">\n                <\/div>\n                <div class=\"carousel-item \">\n                    <img src=\"https:\/\/uca.edu.sv\/psicologia\/wp-content\/uploads\/2022\/03\/2-scaled.jpg\" class=\"d-block w-100\" alt=\"...\">\n                <\/div>\n                <div class=\"carousel-item \">\n                    <img src=\"https:\/\/uca.edu.sv\/psicologia\/wp-content\/uploads\/2022\/03\/3-scaled.jpg\" class=\"d-block w-100\" alt=\"...\">\n                <\/div>\n            <\/div>\n            \n            <a class=\"carousel-control-prev\" href=\"#afiches-educativos1\" role=\"button\" data-slide=\"prev\">\n                <span class=\"carousel-control-prev-icon\" aria-hidden=\"true\"><\/span>\n                <span class=\"sr-only\">Previous<\/span>\n            <\/a>\n            <a class=\"carousel-control-next\" href=\"#afiches-educativos1\" role=\"button\" data-slide=\"next\">\n                <span class=\"carousel-control-next-icon\" aria-hidden=\"true\"><\/span>\n                <span class=\"sr-only\">Next<\/span>\n            <\/a>\n        <\/div>\n<\/div>\n<\/div>\n<\/div>\n<hr \/>\n<p>&nbsp;<\/p>\n<div class=\"container-fluid container\">\n<div class=\"row\">\n<div class=\"col-sm-12 col-md-12\">\n\n        <div id=\"afiches-educativos-2\" class=\"carousel slide carousel-fade\" data-ride=\"carousel\">\n            <div class=\"carousel-inner\">\n                \n                <div class=\"carousel-item active\">\n                    <img src=\"https:\/\/uca.edu.sv\/psicologia\/wp-content\/uploads\/2022\/03\/4-scaled.jpg\" class=\"d-block w-100\" alt=\"...\">\n                <\/div>\n                <div class=\"carousel-item \">\n                    <img src=\"https:\/\/uca.edu.sv\/psicologia\/wp-content\/uploads\/2022\/03\/5-scaled.jpg\" class=\"d-block w-100\" alt=\"...\">\n                <\/div>\n                <div class=\"carousel-item \">\n                    <img src=\"https:\/\/uca.edu.sv\/psicologia\/wp-content\/uploads\/2022\/03\/6-scaled.jpg\" class=\"d-block w-100\" alt=\"...\">\n                <\/div>\n            <\/div>\n            \n            <a class=\"carousel-control-prev\" href=\"#afiches-educativos-2\" role=\"button\" data-slide=\"prev\">\n                <span class=\"carousel-control-prev-icon\" aria-hidden=\"true\"><\/span>\n                <span class=\"sr-only\">Previous<\/span>\n            <\/a>\n            <a class=\"carousel-control-next\" href=\"#afiches-educativos-2\" role=\"button\" data-slide=\"next\">\n                <span class=\"carousel-control-next-icon\" aria-hidden=\"true\"><\/span>\n                <span class=\"sr-only\">Next<\/span>\n            <\/a>\n        <\/div>\n<\/div>\n<\/div>\n<\/div>\n<hr \/>\n<p>&nbsp;<\/p>\n<div class=\"container-fluid container\">\n<div class=\"row\">\n<div class=\"col-sm-12 col-md-12\">\n\n        <div id=\"afiches-educativos-3\" class=\"carousel slide carousel-fade\" data-ride=\"carousel\">\n            <div class=\"carousel-inner\">\n                \n                <div class=\"carousel-item active\">\n                    <img src=\"https:\/\/uca.edu.sv\/psicologia\/wp-content\/uploads\/2022\/03\/7-scaled.jpg\" class=\"d-block w-100\" alt=\"...\">\n                <\/div>\n                <div class=\"carousel-item \">\n                    <img src=\"https:\/\/uca.edu.sv\/psicologia\/wp-content\/uploads\/2022\/03\/8-scaled.jpg\" class=\"d-block w-100\" alt=\"...\">\n                <\/div>\n                <div class=\"carousel-item \">\n                    <img src=\"https:\/\/uca.edu.sv\/psicologia\/wp-content\/uploads\/2022\/03\/10-scaled.jpg\" class=\"d-block w-100\" alt=\"...\">\n                <\/div>\n            <\/div>\n            \n            <a class=\"carousel-control-prev\" href=\"#afiches-educativos-3\" role=\"button\" data-slide=\"prev\">\n                <span class=\"carousel-control-prev-icon\" aria-hidden=\"true\"><\/span>\n                <span class=\"sr-only\">Previous<\/span>\n            <\/a>\n            <a class=\"carousel-control-next\" href=\"#afiches-educativos-3\" role=\"button\" data-slide=\"next\">\n                <span class=\"carousel-control-next-icon\" aria-hidden=\"true\"><\/span>\n                <span class=\"sr-only\">Next<\/span>\n            <\/a>\n        <\/div>\n<\/div>\n<\/div>\n<\/div>\n<hr \/>\n<p>&nbsp;<\/p>\n<div class=\"container-fluid container\">\n<div class=\"row\">\n<div class=\"col-sm-12 col-md-12\">\n\n        <div id=\"afiches-educativos-4\" class=\"carousel slide carousel-fade\" data-ride=\"carousel\">\n            <div class=\"carousel-inner\">\n                \n                <div class=\"carousel-item active\">\n                    <img src=\"https:\/\/uca.edu.sv\/psicologia\/wp-content\/uploads\/2022\/03\/11-scaled.jpg\" class=\"d-block w-100\" alt=\"...\">\n                <\/div>\n                <div class=\"carousel-item \">\n                    <img src=\"https:\/\/uca.edu.sv\/psicologia\/wp-content\/uploads\/2022\/03\/12-scaled.jpg\" class=\"d-block w-100\" alt=\"...\">\n                <\/div>\n                <div class=\"carousel-item \">\n                    <img src=\"https:\/\/uca.edu.sv\/psicologia\/wp-content\/uploads\/2022\/03\/13-scaled.jpg\" class=\"d-block w-100\" alt=\"...\">\n                <\/div>\n            <\/div>\n            \n            <a class=\"carousel-control-prev\" href=\"#afiches-educativos-4\" role=\"button\" data-slide=\"prev\">\n                <span class=\"carousel-control-prev-icon\" aria-hidden=\"true\"><\/span>\n                <span class=\"sr-only\">Previous<\/span>\n            <\/a>\n            <a class=\"carousel-control-next\" href=\"#afiches-educativos-4\" role=\"button\" data-slide=\"next\">\n                <span class=\"carousel-control-next-icon\" aria-hidden=\"true\"><\/span>\n                <span class=\"sr-only\">Next<\/span>\n            <\/a>\n        <\/div>\n<\/div>\n<\/div>\n<\/div>\n<hr \/>\n<p>&nbsp;<\/p>\n<div class=\"container-fluid container\">\n<div class=\"row\">\n<div class=\"col-sm-12 col-md-12\">\n\n        <div id=\"exposicion-de-afiches-5\" class=\"carousel slide carousel-fade\" data-ride=\"carousel\">\n            <div class=\"carousel-inner\">\n                \n                <div class=\"carousel-item active\">\n                    <img src=\"https:\/\/uca.edu.sv\/psicologia\/wp-content\/uploads\/2022\/03\/14-scaled.jpg\" class=\"d-block w-100\" alt=\"...\">\n                <\/div>\n                <div class=\"carousel-item \">\n                    <img src=\"https:\/\/uca.edu.sv\/psicologia\/wp-content\/uploads\/2022\/03\/15-scaled.jpg\" class=\"d-block w-100\" alt=\"...\">\n                <\/div>\n            <\/div>\n            \n            <a class=\"carousel-control-prev\" href=\"#exposicion-de-afiches-5\" role=\"button\" data-slide=\"prev\">\n                <span class=\"carousel-control-prev-icon\" aria-hidden=\"true\"><\/span>\n                <span class=\"sr-only\">Previous<\/span>\n            <\/a>\n            <a class=\"carousel-control-next\" href=\"#exposicion-de-afiches-5\" role=\"button\" data-slide=\"next\">\n                <span class=\"carousel-control-next-icon\" aria-hidden=\"true\"><\/span>\n                <span class=\"sr-only\">Next<\/span>\n            <\/a>\n        <\/div>\n<\/div>\n<\/div>\n<\/div>\n<hr \/>\n<p>&nbsp;<\/p>\n<div class=\"container-fluid container\">\n<div class=\"row justify-content-md-center\">\n<div class=\"col-sm-12 col-md-9\">\n<div class=\"\"><span style=\"color: #808080;\"><b>Contenido educativo de los afiches elaborado por<\/b>: Claudia Herrera, Carlos Amaya, Marjorie Aguill\u00f3n, Emily Alas, Graciela Campos, Rebeca Argueta, Daniela Castillo, V\u00edctor Garc\u00eda, Gabriela Gutierrez, Paola Cub\u00edas, Roc\u00edo Castro, Rodrigo Cedillos, Adriana Artiga, Paola Arias, Mar\u00eda Cecilia Contreras, Adriana Huezo, Mar\u00eda Jos\u00e9 Barrera, Nelson Ernesto Castillo, Danna Argueta, Andrea Mar\u00eda Caceros, Gabriela Cornejo, Irma Abarca, Denis Jas\u00edn, Karen Cresp\u00edn, Stephanie Cruz, Dayana C\u00e1rcamo, Dayanna Gonz\u00e1lez, Valeria Castro, Herberth Henr\u00edquez, Nadia Castro, Ver\u00f3nica P\u00e9rez, Ashley G\u00f3chez, Andr\u00e9s Landaverde, Ana Bernal, Christian Colocho, Gerber Fuentes, Grecia Garc\u00eda, Alejandro Golcher, Sebasti\u00e1n Golcher, Daniella Gonz\u00e1lez, Roc\u00edo Henr\u00edquez, Natalia Chac\u00f3n, Laura Cummings, Beatriz Castillo, Marcela Castaneda, Gabriela Castillo, Jos\u00e9 Andreu Alvarenga, Christian Ch\u00e1vez, D\u00e9bora Nohemy Henr\u00edquez (estudiantes de la Licenciatura en Psicolog\u00eda)<\/span><\/div>\n<div><\/div>\n<div><span style=\"color: #808080;\"><b>Dise\u00f1o de los afiches por<\/b>: Alejandra Arteaga (estudiante de la Licenciatura en Comunicaci\u00f3n Social)<\/span><\/div>\n<\/div>\n<\/div>\n<\/div>\n","protected":false},"excerpt":{"rendered":"<p>&nbsp; &nbsp; &nbsp; &nbsp; &nbsp; &nbsp; Contenido educativo de los afiches elaborado por: Claudia Herrera, Carlos Amaya, Marjorie Aguill\u00f3n, Emily Alas, Graciela Campos, Rebeca Argueta, Daniela Castillo, V\u00edctor Garc\u00eda, Gabriela Gutierrez, Paola Cub\u00edas, Roc\u00edo Castro, Rodrigo Cedillos, Adriana Artiga, Paola Arias, Mar\u00eda Cecilia Contreras, Adriana Huezo, Mar\u00eda Jos\u00e9 Barrera, Nelson Ernesto Castillo, Danna Argueta, Andrea [&hellip;]<\/p>\n","protected":false},"author":2,"featured_media":0,"parent":0,"menu_order":0,"comment_status":"closed","ping_status":"closed","template":"","meta":[],"_links":{"self":[{"href":"https:\/\/uca.edu.sv\/psicologia\/wp-json\/wp\/v2\/pages\/1592"}],"collection":[{"href":"https:\/\/uca.edu.sv\/psicologia\/wp-json\/wp\/v2\/pages"}],"about":[{"href":"https:\/\/uca.edu.sv\/psicologia\/wp-json\/wp\/v2\/types\/page"}],"author":[{"embeddable":true,"href":"https:\/\/uca.edu.sv\/psicologia\/wp-json\/wp\/v2\/users\/2"}],"replies":[{"embeddable":true,"href":"https:\/\/uca.edu.sv\/psicologia\/wp-json\/wp\/v2\/comments?post=1592"}],"version-history":[{"count":9,"href":"https:\/\/uca.edu.sv\/psicologia\/wp-json\/wp\/v2\/pages\/1592\/revisions"}],"predecessor-version":[{"id":1631,"href":"https:\/\/uca.edu.sv\/psicologia\/wp-json\/wp\/v2\/pages\/1592\/revisions\/1631"}],"wp:attachment":[{"href":"https:\/\/uca.edu.sv\/psicologia\/wp-json\/wp\/v2\/media?parent=1592"}],"curies":[{"name":"wp","href":"https:\/\/api.w.org\/{rel}","templated":true}]}}