{"id":1753,"date":"2023-03-27T17:30:53","date_gmt":"2023-03-27T17:30:53","guid":{"rendered":"https:\/\/uca.edu.sv\/psicologia\/?page_id=1753"},"modified":"2023-06-20T20:29:07","modified_gmt":"2023-06-20T20:29:07","slug":"en-memoria-de-dr-mauricio-gaborit-s-j","status":"publish","type":"page","link":"https:\/\/uca.edu.sv\/psicologia\/en-memoria-de-dr-mauricio-gaborit-s-j\/","title":{"rendered":"En memoria: Mauricio Gaborit, S.J."},"content":{"rendered":"<p>&nbsp;<\/p>\n<div class=\"container-fluid container\">\n<div class=\"row\">\n<div class=\"col-sm-12 col-md-12\">\n\n        <div id=\"p-gaborit\" class=\"carousel slide carousel-fade\" data-ride=\"carousel\">\n            <div class=\"carousel-inner\">\n                \n                <div class=\"carousel-item active\">\n                    <img src=\"https:\/\/uca.edu.sv\/psicologia\/wp-content\/uploads\/2023\/06\/P.-Gaborit-banner.png\" class=\"d-block w-100\" alt=\"...\">\n                <\/div>\n            <\/div>\n            \n        <\/div>\n<\/div>\n<\/div>\n<\/div>\n<p>&nbsp;<\/p>\n<div class=\"container-fluid container\">\n<div class=\"row\">\n<div class=\"col-sm-12 align-self-center col-md-12\">\n<hr \/>\n<h3><span style=\"color: #000080;\"><strong>Sobre su vida<\/strong><\/span><\/h3>\n<p class=\"_04xlpA direction-ltr align-start para-style-body\"><span style=\"color: #808080;\"><em><span class=\"WdYUQQ text-decoration-none text-strikethrough-none\">El Departamento de Psicolog\u00eda y Salud P\u00fablica de la Universidad Centroamericana Jos\u00e9 Sime\u00f3n Ca\u00f1as (UCA, El Salvador) anuncia con profunda tristeza el fallecimiento del<\/span><span class=\"WdYUQQ text-decoration-none text-strikethrough-none white-space-prewrap\"> <\/span><span class=\"WdYUQQ text-decoration-none text-strikethrough-none\">Dr. Mauricio Gaborit, S.J., el d\u00eda s\u00e1bado 4 de marzo de 2023, a la edad de 75 a\u00f1os.<\/span><span class=\"WdYUQQ text-decoration-none text-strikethrough-none white-space-prewrap\"> <\/span><\/em><\/span><\/p>\n<p class=\"_04xlpA direction-ltr align-start para-style-body\"><span style=\"color: #808080;\"><em><span class=\"WdYUQQ text-decoration-none text-strikethrough-none\">El Dr. Gaborit naci\u00f3 en Honduras en 1947 y se orden\u00f3 como sacerdote de la Compa\u00f1\u00eda de Jes\u00fas en 1978. Realiz\u00f3 estudios en San Salvador (El Salvador), Quito (Ecuador), Madrid (Espa\u00f1a), Cambridge (Massachusetts, EE.UU.) y en San Luis (Misuri, EE.UU.), en las \u00e1reas de <\/span><\/em><em><span class=\"WdYUQQ text-decoration-none text-strikethrough-none\">humanidades, filosof\u00eda y letras, teolog\u00eda, psicolog\u00eda experimental y psicolog\u00eda social. En 1984, obtuvo su doctorado en Psicolog\u00eda Social por la Universidad de Michigan, Estados <\/span><\/em><em><span class=\"WdYUQQ text-decoration-none text-strikethrough-none\">Unidos.<\/span><\/em><\/span><\/p>\n<p class=\"_04xlpA direction-ltr align-start para-style-body\"><span style=\"color: #808080;\"><em><span class=\"WdYUQQ text-decoration-none text-strikethrough-none\">La carrera acad\u00e9mica del Dr. Gaborit fue extensa y productiva. Fue profesor de la <\/span><\/em><em><span class=\"WdYUQQ text-decoration-none text-strikethrough-none\">Universidad Nacional Aut\u00f3noma de Honduras, Universidad de Michigan (EE.UU.) y Universidad de San Luis (EE.UU.); y profesor invitado de la Universidad de Georgetown (EE.UU.), Universidad Complutense de Madrid (Espa\u00f1a), Universidad de Granada (Espa\u00f1a) y Universidad de Tromso (Noruega).<\/span><\/em><\/span><span class=\"WdYUQQ text-decoration-none text-strikethrough-none white-space-prewrap\"> <\/span><\/p>\n<p class=\"_04xlpA direction-ltr align-start para-style-body\"><span style=\"color: #808080;\"><em><span class=\"WdYUQQ text-decoration-none text-strikethrough-none\">Desde el a\u00f1o 1996 hasta el 2022, el Dr. Gaborit trabaj\u00f3 en la UCA (El Salvador), como <\/span><span class=\"WdYUQQ text-decoration-none text-strikethrough-none\">miembro y vicepresidente de la Junta de Directores, vicerrector acad\u00e9mico, profesor, <\/span><span class=\"WdYUQQ text-decoration-none text-strikethrough-none\">investigador, jefe del Departamento de Psicolog\u00eda y Salud P\u00fablica, director de la Maestr\u00eda en Psicolog\u00eda Comunitaria y director de la Maestr\u00eda en Intervenci\u00f3n Social, entre otras funciones. Desde la UCA, el Dr. Gaborit fue director de la Revista Estudios Centroamericanos ECA (en El Salvador), miembro del consejo editorial de la Revista de Psicolog\u00eda Social (en Espa\u00f1a) y de la revista International Perspectives in Psychology: Research, Practice, Consultation (de la American Psychological Society, APA).<\/span><\/em><\/span><\/p>\n<p class=\"_04xlpA direction-ltr align-start para-style-body\"><span style=\"color: #808080;\"><em><span class=\"WdYUQQ text-decoration-none text-strikethrough-none\">Su producci\u00f3n acad\u00e9mica se materializa en m\u00e1s de 60 publicaciones entre las que se <\/span><span class=\"WdYUQQ text-decoration-none text-strikethrough-none\">encuentran art\u00edculos cient\u00edficos, cap\u00edtulos de libros, libros e informes cient\u00edficos. Esta <\/span><span class=\"WdYUQQ text-decoration-none text-strikethrough-none\">producci\u00f3n se caracteriz\u00f3 por un claro compromiso de contribuir al conocimiento de la psicolog\u00eda social desde un enfoque liberador y por el abordaje de problem\u00e1ticas en El Salvador y Centroam\u00e9rica.<\/span><span class=\"WdYUQQ text-decoration-none text-strikethrough-none white-space-prewrap\"> <\/span><\/em><\/span><\/p>\n<p class=\"_04xlpA direction-ltr align-start para-style-body\"><span style=\"color: #808080;\"><em><span class=\"WdYUQQ text-decoration-none text-strikethrough-none\">La distinguida actividad acad\u00e9mica del Dr. Gaborit, contribuci\u00f3n a la psicolog\u00eda social, a\u00f1os de entrega a la UCA y su recuerdo lo mantendr\u00e1 con vida entre todos los que tuvimos el honor de conocerlo.<\/span><\/em><\/span><\/p>\n<p class=\"_04xlpA direction-ltr align-start para-style-body\"><span style=\"color: #333333;\"><strong><em><span class=\"WdYUQQ text-decoration-none text-strikethrough-none\">Q.D.D.G.<\/span><\/em><\/strong><\/span><\/p>\n<\/div>\n<div class=\"col-sm-12 align-self-center col-md-10\">\n<hr \/>\n<h3><span style=\"color: #000080;\"><strong>Publicaciones m\u00e1s destacadas del Dr. Mauricio Gaborit, S.J., en los \u00faltimos 10 a\u00f1os (2013 -2023)<\/strong><\/span><\/h3>\n<p>&nbsp;<\/p>\n<ul>\n<li><span style=\"color: #808080;\">Gaborit, M. (2021). <em>Arguing for a psychology of liberation. En C. Z\u00faniga, W. L\u00f3pez, J. Gibbons y P. Cumsille (Eds.). Political Psychology from Latin America.<\/em> Washington DC: American Psychological Association.<\/span><\/li>\n<li><span style=\"color: #808080;\">Gaborit, M. (2020). <em>Los rugidos del norte global: migraci\u00f3n irregular, xenofobia, polarizaci\u00f3n social y exclusi\u00f3n social<\/em>. Estudios Centroamericanos (ECA), N\u00famero 762, pp.39-62.<\/span><\/li>\n<li><span style=\"color: #808080;\">Gaborit, M. (2020). <em>La construcci\u00f3n social de la persona migrante como enemigo<\/em>. En Carlos Garc\u00eda Sandoval (ed.). Puentes no muros. Contribuciones para una pol\u00edtica progresista en migraciones. M\u00e9xico: CLACSO- Fundaci\u00f3n Rosa Luxemburgo.<\/span><\/li>\n<li><span style=\"color: #808080;\">Hare, T., Gaborit, M. Ibrahim, H., y Monti, D. (2018). <em>Citizen Security Policy in El Salvador<\/em>. William &amp; Mary Policy Review, 9(2), pp. 27 49.<\/span><\/li>\n<li><span style=\"color: #808080;\">Gaborit, M., Zetino Duarte, M., Brioso, L, Garc\u00eda, J.J. (2017). <em>Internados en el laberinto: El Salvador y su migraci\u00f3n irregular<\/em>. Estudios Centroamericanos (ECA), 72 (749), 133 \u2013 164.<\/span><\/li>\n<li><span style=\"color: #808080;\">Blanco, A., y Gaborit M. (2017).<em> La racionalidad inmanente a la psicolog\u00eda como ciencia y como profesi\u00f3n<\/em>. En I. Mart\u00edn-Bar\u00f3, El realismo cr\u00edtico. Fundamentos y aplicaciones (pp.3 &#8211; 71). San Salvador: UCA Editores.<\/span><\/li>\n<li><span style=\"color: #808080;\">Gaborit, M., Zetino Duarte, M., Orellana, C. I., Brioso, L., Rodr\u00edguez Burgos, M., Avelar, D. (2016). <em>Atrapados en la tela de ara\u00f1a. La migraci\u00f3n irregular de ni\u00f1as y ni\u00f1os salvadore\u00f1os hacia los Estados Unidos<\/em>. San Salvador: Talleres Gr\u00e1ficos UCA.<\/span><\/li>\n<li><span style=\"color: #808080;\">Gaborit, M. (2015). <em>Recalibrando la mirada al pasado: reconciliaci\u00f3n y perd\u00f3n en el posconflicto<\/em>. Estudios Centroamericanos (ECA), 740, volumen 70, 87-105.<\/span><\/li>\n<li><span style=\"color: #808080;\">Gaborit, M., Zetino, M., Orellana, C. I., Brioso, L. (2015). <em>Ni\u00f1ez, migraci\u00f3n y derechos humanos: Cap\u00edtulo 4. El Salvador<\/em>. En K. Musalo y P. Ceriani Cernadas (Coords.). Ni\u00f1ez, migraci\u00f3n en Centro y Norte Am\u00e9rica: Causas, pol\u00edticas, pr\u00e1cticas y desaf\u00edos (pp. 193-235). University of California.<\/span><\/li>\n<li><span style=\"color: #808080;\">Gaborit, M., Orellana, C. I., Orellana Sibri\u00e1n, R. (2014). <em>Migraci\u00f3n infantil irregular salvadore\u00f1a: Reflexiones desde la psicolog\u00eda social<\/em>. Estudios Centroamericanos (ECA), 736, pp.55-89.<\/span><\/li>\n<li><span style=\"color: #808080;\">Hamber, B., Gallagher, E., Weine, S.M., Agger, I., Bava, S., Gaborit, M., Srinivasa Murthy, R., Saul, J. (2014). <em>Exploring how context matters in addressing the impact of armed conflict<\/em>. In B. Hamber, E Gallagher (eds.). Psychological Perspectives in Peacebuilding (pp. 1-31). Nueva York: Springer.<\/span><\/li>\n<li><span style=\"color: #808080;\">Blanco, A., y Gaborit, M. (2014). <em>La raz\u00f3n compasiva y la acci\u00f3n como ideolog\u00eda: una nueva mirada a la Psicolog\u00eda de la liberaci\u00f3n. En E. Zubieta (Ed.), Psicolog\u00eda social y Psicolog\u00eda pol\u00edtica: procesos te\u00f3ricos y estudios aplicados<\/em> (pp. 139-170). Buenos Aires: Eudeba.<\/span><\/li>\n<li><span style=\"color: #808080;\">Negy, C., Reig-Ferrer, A., Gaborit, M., y Ferguson, C. J. (2014). <em>Psychological homelessness and enculturative stress among US Deported Salvadorans: A preliminary study with a novel approach. Journal of Immigrant Minority Health. <\/em>DOI 10.1007\/s10903-014-0006-y.<\/span><\/li>\n<li><span style=\"color: #808080;\">Schl\u00f6sser, O., Frese, M., Heintze, A-M., Al Najjar, M., Arciszewski, T., Bishop, G.D., Bonnes, M., Clegg, C., Drozda-Senkowska, E., Fields, K., Gaborit, M., et al. (2013). <em>Humane Orientation as a new cultural Dimension of the GLOBE Project: A validation study of the GLOBE scale and out-group humane orientation in 25 countries. Journal of Cross-Cultural Psychology<\/em>, 44, 535-551.<\/span><\/li>\n<\/ul>\n<\/div>\n<\/div>\n<\/div>\n","protected":false},"excerpt":{"rendered":"<p>&nbsp; &nbsp; Sobre su vida El Departamento de Psicolog\u00eda y Salud P\u00fablica de la Universidad Centroamericana Jos\u00e9 Sime\u00f3n Ca\u00f1as (UCA, El Salvador) anuncia con profunda tristeza el fallecimiento del Dr. Mauricio Gaborit, S.J., el d\u00eda s\u00e1bado 4 de marzo de 2023, a la edad de 75 a\u00f1os. El Dr. Gaborit naci\u00f3 en Honduras en 1947 [&hellip;]<\/p>\n","protected":false},"author":2,"featured_media":0,"parent":0,"menu_order":0,"comment_status":"closed","ping_status":"closed","template":"","meta":[],"_links":{"self":[{"href":"https:\/\/uca.edu.sv\/psicologia\/wp-json\/wp\/v2\/pages\/1753"}],"collection":[{"href":"https:\/\/uca.edu.sv\/psicologia\/wp-json\/wp\/v2\/pages"}],"about":[{"href":"https:\/\/uca.edu.sv\/psicologia\/wp-json\/wp\/v2\/types\/page"}],"author":[{"embeddable":true,"href":"https:\/\/uca.edu.sv\/psicologia\/wp-json\/wp\/v2\/users\/2"}],"replies":[{"embeddable":true,"href":"https:\/\/uca.edu.sv\/psicologia\/wp-json\/wp\/v2\/comments?post=1753"}],"version-history":[{"count":44,"href":"https:\/\/uca.edu.sv\/psicologia\/wp-json\/wp\/v2\/pages\/1753\/revisions"}],"predecessor-version":[{"id":1807,"href":"https:\/\/uca.edu.sv\/psicologia\/wp-json\/wp\/v2\/pages\/1753\/revisions\/1807"}],"wp:attachment":[{"href":"https:\/\/uca.edu.sv\/psicologia\/wp-json\/wp\/v2\/media?parent=1753"}],"curies":[{"name":"wp","href":"https:\/\/api.w.org\/{rel}","templated":true}]}}