{"id":30,"date":"2020-12-12T19:57:36","date_gmt":"2020-12-12T19:57:36","guid":{"rendered":"https:\/\/uca.edu.sv\/psicologia\/?page_id=30"},"modified":"2021-09-06T20:28:52","modified_gmt":"2021-09-06T20:28:52","slug":"historia","status":"publish","type":"page","link":"https:\/\/uca.edu.sv\/psicologia\/historia\/","title":{"rendered":"Nuestra historia"},"content":{"rendered":"<p>&nbsp;<\/p>\n<div class=\"container-fluid container\">\n<div class=\"row justify-content-md-center\">\n<div class=\"col-sm-12 col-md-6\">\n<p>&nbsp;<\/p>\n\n        <div id=\"martin-baro1\" class=\"carousel slide carousel-fade\" data-ride=\"carousel\">\n            <div class=\"carousel-inner\">\n                \n                <div class=\"carousel-item active\">\n                    <img src=\"https:\/\/uca.edu.sv\/psicologia\/wp-content\/uploads\/2021\/05\/martinbaroweb1.jpg\" class=\"d-block w-100\" alt=\"...\">\n                <\/div>\n                <div class=\"carousel-item \">\n                    <img src=\"https:\/\/uca.edu.sv\/psicologia\/wp-content\/uploads\/2021\/05\/martinbaro2.png\" class=\"d-block w-100\" alt=\"...\">\n                <\/div>\n                <div class=\"carousel-item \">\n                    <img src=\"https:\/\/uca.edu.sv\/psicologia\/wp-content\/uploads\/2021\/05\/descarga.jpg\" class=\"d-block w-100\" alt=\"...\">\n                <\/div>\n            <\/div>\n            \n            <a class=\"carousel-control-prev\" href=\"#martin-baro1\" role=\"button\" data-slide=\"prev\">\n                <span class=\"carousel-control-prev-icon\" aria-hidden=\"true\"><\/span>\n                <span class=\"sr-only\">Previous<\/span>\n            <\/a>\n            <a class=\"carousel-control-next\" href=\"#martin-baro1\" role=\"button\" data-slide=\"next\">\n                <span class=\"carousel-control-next-icon\" aria-hidden=\"true\"><\/span>\n                <span class=\"sr-only\">Next<\/span>\n            <\/a>\n        <\/div>\n<\/div>\n<div class=\"col-sm-12 col-md-6 ml-auto mr-auto\">\n<p>&nbsp;<\/p>\n<p>La carrera de Licenciatura en Psicolog\u00eda surge en la Universidad Centroamericana Jos\u00e9 Sime\u00f3n Ca\u00f1as en el a\u00f1o 1969, adscrita a la Facultad de Ciencias del Hombre y de la Naturaleza; esta se inicia como el segundo programa de formaci\u00f3n profesional universitaria en el pa\u00eds, y el primero desde una universidad privada dirigida por la Compa\u00f1\u00eda de Jes\u00fas. En la actualidad cuenta con m\u00e1s de 50 a\u00f1os de experiencia formando licenciados y licenciadas en Psicolog\u00eda.<\/p>\n<p>Su primer pensum conten\u00eda 50 asignaturas, teniendo una amplia base de formaci\u00f3n humanista, que compart\u00eda con otras carreras dentro de la facultad; y de igual manera respond\u00eda a las tendencias actuales de ese momento, en especial a la de corte psicodin\u00e1mico, proveniente de la tradici\u00f3n psicoanal\u00edtica, as\u00ed como la visi\u00f3n contrapuesta de corte conductista. Su planta docente estaba conformada por personal extranjero, y algunos nacionales que contaban con formaci\u00f3n internacional. El Departamento de Psicolog\u00eda surge en 1972, junto con otros, a ra\u00edz de la reorganizaci\u00f3n de la universidad, basada en un modelo matricial.<\/p>\n<p>Dentro de su alumnado cuenta con uno que ha pasado a la historia la Psicolog\u00eda latinoamericana, nos referimos al Dr. Ignacio Mart\u00edn-Bar\u00f3, S.J., quien en 1975 obtiene su Licenciatura en Psicolog\u00eda por esta universidad con la tesis de graduaci\u00f3n denominada \u201cCulpabilidad religiosa en un barrio popular\u201d; posteriormente alcanza los grados de maestr\u00eda y doctorado dentro de la Universidad de Chicago. Mart\u00edn-Bar\u00f3 es reconocido a nivel internacional como uno de los principales representantes de la Psicolog\u00eda de la Liberaci\u00f3n, su obra literaria, donde resalta el enfoque psicosocial, es un importante legado a las generaciones de profesionales formados dentro de la UCA. A m\u00e1s de tres d\u00e9cadas de su martirio, la vigencia de su obra es contundente.<\/p>\n<\/div>\n<\/div>\n<\/div>\n<p>&nbsp;<\/p>\n<p>&nbsp;<\/p>\n<div class=\"container-fluid container\">\n<div class=\"row\">\n<div class=\"col-sm-12 col-md-12\">\n<p>Para dar respuesta a una de las aspiraciones de la UCA, que reza que \u201cla producci\u00f3n de conocimientos y la investigaci\u00f3n sean instrumentos puestos al servicio de las personas\u201d, el Departamento de Psicolog\u00eda y Salud P\u00fablica ha puesto su saber y su servicio social y se ha unido acad\u00e9micos y alumnado, a auxiliar la poblaci\u00f3n que ha requerido su intervenci\u00f3n, sea en los desastres que han afectado en mayor medida a la poblaci\u00f3n despose\u00edda, como a acompa\u00f1ado en diversas necesidades psicosociales.<\/p>\n<p>Las practicas que el estudiantado realiza, de cara a conocer y comprender la realidad en la cual nos encontramos inmersos, se realizan en alianza con diversos sectores de la sociedad, sean estos del sector educativo, como otros.<\/p>\n<p>Por ser una universidad jesuita, pertenecemos a la Red AUSJAL, por la cual el estudiantado UCA tiene la posibilidad de estudiar en otra instituci\u00f3n universitaria de la Compa\u00f1\u00eda de Jes\u00fas, oportunidad que han aprovechado estudiantes de Psicolog\u00eda, y han complementado su formaci\u00f3n tanto en Centroam\u00e9rica como Sur Am\u00e9rica, y han obtenido una enriquecedora experiencia a nivel acad\u00e9mico como personal, como un rendimiento acad\u00e9mico excelente.<\/p>\n<\/div>\n<\/div>\n<\/div>\n<p>&nbsp;<\/p>\n<div class=\"container-fluid container\">\n<div class=\"row justify-content-md-center\">\n<div class=\"col-sm-12 col-md-9 align-self-center\">\n<h4 style=\"text-align: center;\"><span style=\"color: #47c9b6;\"><strong>Conoce m\u00e1s acerca de la historia del Departamento de Psicolog\u00eda y Salud P\u00fablica en este video<\/strong><\/span><\/h4>\n<p style=\"text-align: center;\"><span style=\"color: #33cccc;\"><img loading=\"lazy\" src=\"https:\/\/uca.edu.sv\/psicologia\/wp-content\/uploads\/2021\/05\/iconfinder_ic_keyboard_arrow_down_48px_352466-300x300.png\" alt=\"\" width=\"67\" height=\"67\" class=\"aligncenter wp-image-525 \" srcset=\"https:\/\/uca.edu.sv\/psicologia\/wp-content\/uploads\/2021\/05\/iconfinder_ic_keyboard_arrow_down_48px_352466-300x300.png 300w, https:\/\/uca.edu.sv\/psicologia\/wp-content\/uploads\/2021\/05\/iconfinder_ic_keyboard_arrow_down_48px_352466.png 512w\" sizes=\"(max-width: 67px) 100vw, 67px\" \/><\/span><\/p>\n<\/div>\n<div class=\"col-sm-12 col-md-4\">\n<p>&nbsp;<\/p>\n<\/div>\n<div class=\"col-sm-12 col-md-4\">\n<p><iframe title=\"Historia del Departamento de Psicolog\u00eda - UCA\" width=\"500\" height=\"281\" src=\"https:\/\/www.youtube.com\/embed\/GVls_tZqhZY?feature=oembed\" frameborder=\"0\" allow=\"accelerometer; autoplay; clipboard-write; encrypted-media; gyroscope; picture-in-picture\" allowfullscreen><\/iframe><\/p>\n<\/div>\n<div class=\"col-sm-12 col-md-4\">\n<p>&nbsp;<\/p>\n<\/div>\n<\/div>\n<\/div>\n","protected":false},"excerpt":{"rendered":"<p>&nbsp; &nbsp; &nbsp; La carrera de Licenciatura en Psicolog\u00eda surge en la Universidad Centroamericana Jos\u00e9 Sime\u00f3n Ca\u00f1as en el a\u00f1o 1969, adscrita a la Facultad de Ciencias del Hombre y de la Naturaleza; esta se inicia como el segundo programa de formaci\u00f3n profesional universitaria en el pa\u00eds, y el primero desde una universidad privada dirigida [&hellip;]<\/p>\n","protected":false},"author":1,"featured_media":0,"parent":0,"menu_order":0,"comment_status":"closed","ping_status":"closed","template":"","meta":[],"_links":{"self":[{"href":"https:\/\/uca.edu.sv\/psicologia\/wp-json\/wp\/v2\/pages\/30"}],"collection":[{"href":"https:\/\/uca.edu.sv\/psicologia\/wp-json\/wp\/v2\/pages"}],"about":[{"href":"https:\/\/uca.edu.sv\/psicologia\/wp-json\/wp\/v2\/types\/page"}],"author":[{"embeddable":true,"href":"https:\/\/uca.edu.sv\/psicologia\/wp-json\/wp\/v2\/users\/1"}],"replies":[{"embeddable":true,"href":"https:\/\/uca.edu.sv\/psicologia\/wp-json\/wp\/v2\/comments?post=30"}],"version-history":[{"count":81,"href":"https:\/\/uca.edu.sv\/psicologia\/wp-json\/wp\/v2\/pages\/30\/revisions"}],"predecessor-version":[{"id":1414,"href":"https:\/\/uca.edu.sv\/psicologia\/wp-json\/wp\/v2\/pages\/30\/revisions\/1414"}],"wp:attachment":[{"href":"https:\/\/uca.edu.sv\/psicologia\/wp-json\/wp\/v2\/media?parent=30"}],"curies":[{"name":"wp","href":"https:\/\/api.w.org\/{rel}","templated":true}]}}